be 38 - ((-4)/m - (-80)/30). What is the highest common factor of 162 and g?
18
Suppose 5*u = 5*t + 1035, 10*u - 11*u + 205 = -3*t. What is the highest common factor of 64 and u?
16
Suppose -5*o - 3*u + 343 = 0, -4*o - u + 276 = 3*u. Suppose o = -5*x + 268. What is the highest common factor of x and 5?
5
Let o = 65 - 63. Suppose s = -5, o*s - 632 = -3*l + 6*s. Calculate the greatest common factor of 34 and l.
34
Let l(p) = -p**2 + 4*p + 11. Let q be l(6). Let y(z) = -7*z**3 + 1. Let f be y(q). Calculate the highest common factor of 40 and f.
8
Suppose -6*l = -1 - 281. What is the greatest common factor of 235 and l?
47
Let m = -1 + -1. Suppose -3 = -8*k + 37. Let w = k + m. What is the greatest common factor of 15 and w?
3
Let j be 1*299/4*4. Calculate the greatest common factor of j and 39.
13
Let a = 99 + 2. Let n = a - 88. Calculate the greatest common factor of 143 and n.
13
Let a be (-2)/(-7) - 76/(-28). Let f be -5*(a - 3 - 2). Calculate the greatest common factor of 50 and f.
10
Let c(d) be the third derivative of -d**4/4 - 5*d**3 - 18*d**2. Let j be c(-17). Calculate the highest common factor of 18 and j.
18
Suppose -2*n = c - 33, -3*c - 2*n + 20 = -67. Suppose 0 = -y + c + 69. Calculate the highest common divisor of y and 32.
32
Suppose -5*m + 56 = -19. Let t(f) = 3*f**2 + 9*f - 15. Let i be t(-8). Calculate the greatest common factor of i and m.
15
Suppose -37 = 3*r - 919. Let z be -12*(r/24)/(-7). What is the greatest common divisor of z and 7?
7
Let u(x) = x - 5. Suppose 2*d + 0*d - 6 = 0. Let s be u(d). Let a be (-4 - 0)*(-34 - s). Calculate the greatest common divisor of a and 32.
32
Suppose -3*x = 2*z - 96, -z - 18 = 3*x - 111. Suppose 326 - 376 = -10*m. Calculate the greatest common factor of m and x.
5
Let i = -72 - -105. Suppose 30*b + 48 = i*b. What is the highest common factor of b and 176?
16
Let m(j) = j**3 - 13*j**2 + j - 13. Let c be m(13). Let i be (-1)/((c - (-2)/(-260))*2). Calculate the greatest common divisor of 13 and i.
13
Suppose 0 = 4*p - 4, -5*n - 2*p = p - 303. Let b(g) = 70 - g - g - n. Let k be b(-15). Calculate the greatest common divisor of 5 and k.
5
Suppose 0 = 5*j - 3*n + 2*n - 50, -4*j + 40 = -4*n. Let w(b) = b**3 + 18*b**2 - 115*b + 5. Let y be w(-23). What is the greatest common divisor of y and j?
5
Let d be (2/(-4))/((-26)/104). Suppose -20 = -d*b + 26. What is the greatest common divisor of 207 and b?
23
Suppose -18*q = -2189 + 569. What is the greatest common divisor of q and 27?
9
Suppose -4*g - 176 = -2*v, 4*g + 238 + 172 = 5*v. What is the greatest common divisor of v and 78?
78
Suppose 8*o - 3*o - 510 = 0. Suppose -s + 5*l = -3*s + 179, -s + o = 5*l. Calculate the greatest common divisor of 7 and s.
7
Let k be 65/10 - (-4)/(-8). Suppose 4*j - k*j = -6. Suppose -4*x + 22 = 5*n, -5*n = -3*x + 6*x - 24. Calculate the greatest common divisor of n and j.
3
Let i(x) = -x**2 + 21*x - 23. Let a be i(9). What is the greatest common factor of a and 34?
17
Suppose 16*z = 13*z. Suppose -12 = -6*c - z. Suppose -c*u - 50 = -3*n - 0*u, 3*n + 5*u = 85. Calculate the highest common factor of n and 4.
4
Suppose -5*j = 4*q - 274, -q + 3*q + j = 134. Let b(i) = -i**2 + 20*i + 27. Let m be b(21). Calculate the highest common divisor of m and q.
6
Suppose -35*i + 31*i = -924. Suppose 3*g + i = 4*x, 5*x = -g - 3*g + 250. What is the greatest common factor of x and 36?
18
Let m = 3 - 1. Let f be (-104)/(-18) + m/9. Let r = 22240 - 22228. Calculate the highest common factor of r and f.
6
Let v = 208 - 188. Calculate the greatest common divisor of v and 1060.
20
Let f be (2/2 - -2) + 0/(-3). Suppose 110 = f*a - 85. Calculate the highest common divisor of 26 and a.
13
Suppose 67 = -5*x + 112. What is the highest common factor of x and 3?
3
Suppose 0*x + 2*x = -42. Let t = x - -103. Let c be (0 - 4) + 2*t. Calculate the highest common divisor of c and 20.
20
Let w be ((-1748)/16)/((-15)/60). Calculate the highest common divisor of w and 46.
23
Let h(v) = -8*v**3 - 12*v**2 - 18*v. Let z be h(-2). Calculate the greatest common divisor of 13 and z.
13
Suppose 67*o - 2026 = -887. Let k be (-4)/(0 - (0 - -1)). Suppose -3*d - 3*g + 60 = -2*d, 4*d - k*g = 192. Calculate the greatest common factor of o and d.
17
Suppose 8 = 2*j - 2. Suppose 3*w = 3*i - 15, j*w = 13 + 2. Let s be 15/10*(-128)/(-6). Calculate the greatest common divisor of s and i.
8
Let c = 365 - -253. What is the highest common factor of 6 and c?
6
Let w(d) = -d**2 + 15*d - 45. Let f be w(9). What is the highest common divisor of 1 and f?
1
Suppose 4*c = 4*b + 36, -2*c = 4*b + 83 - 77. Calculate the greatest common divisor of 55 and c.
5
Let j = -12 - -22. Suppose -4*o + 346 = -858. Let p = o + -211. What is the greatest common divisor of p and j?
10
Suppose -585*k + 589*k = 80. What is the highest common divisor of 15 and k?
5
Let k be (1/(-2))/((-13)/130). Suppose -5*c - 5 = k*x, 7 = -4*c - 5*x + 2*x. Let p be (-14 - -7)*(c - 1). What is the highest common divisor of 14 and p?
7
Suppose 2*z = 4*f + 4, 2*z = -2*f + 15 + 7. Suppose -i + 8 = -z. What is the highest common divisor of i and 128?
16
Let g = 1235 - 421. Calculate the greatest common factor of 74 and g.
74
Let x = -170 - -184. Let t be ((-14)/(-3))/(13/39). What is the highest common divisor of t and x?
14
Let l be (-16)/(-36) + (-980)/(-63) + 8. Calculate the highest common factor of l and 42.
6
Suppose 3*z = 2*m + 2*m + 131, 3*z + 3*m = 159. Let d = z - 27. Calculate the greatest common divisor of d and 11.
11
Let c(u) = 21*u - 388. Let b be c(21). Calculate the greatest common factor of b and 583.
53
Let m(q) = -3*q**3 + 2*q**2 - 6*q - 16. Let x be m(-4). What is the highest common factor of 203 and x?
29
Let a be (0 + -4)/(-4 + 5). Let t = a + 10. Let q be 2 + (-3)/(t/(-26)). Calculate the greatest common divisor of q and 120.
15
Let c be 2 + (2 - (2 + 0)). Suppose 174 = t + 2*t - 2*a, 0 = c*a. What is the highest common divisor of t and 87?
29
Let c(w) be the second derivative of 5/6*w**3 + 5/2*w**2 + 7/12*w**4 + 0 - 6*w - 1/20*w**5. Let h be c(7). Calculate the highest common factor of 8 and h.
8
Suppose -263 = -16*k + 345. Let o = k - 34. What is the highest common factor of o and 4?
4
Suppose 5*m + 9*f = 4*f - 165, -4*m + f - 152 = 0. Let a = -27 - m. Let b = 2 + 2. Calculate the greatest common factor of b and a.
2
Suppose 15 = h + 2*h. Suppose h*i + 110 = 6*i. Suppose -i = -5*l + c + c, -2*l + 30 = 2*c. Calculate the highest common divisor of 8 and l.
4
Suppose 0 = 4*m - 8 - 20. Suppose -1057 - 733 = -10*u. Suppose 5*b + u = 3*h, -3*h + 3*b + 181 = -b. Calculate the greatest common divisor of h and m.
7
Suppose 2*g = 4, 3*g + 2*g = -p - 102. Suppose 0 = -4*s + 175 - 463. Let r = s - p. Calculate the greatest common factor of 8 and r.
8
Let c(b) = -6 - 3*b - b + 0*b + 5*b. Let l be c(4). Let y be -2 + (14 - l) + -4. What is the greatest common factor of 2 and y?
2
Let l = 150 + -69. Let w be 1 + (-20)/((-7)/3 - 11/66). Calculate the greatest common factor of w and l.
9
Let z = 918 + -818. Calculate the highest common factor of z and 150.
50
Suppose -2*a + 6 = -2*h - 0, 11 = -5*h + a. Let p(n) = -23*n**3 - n**2. Let t be p(h). What is the greatest common factor of 72 and t?
36
Let h(j) be the second derivative of -j**5/20 - j**3/6 + j**2/2 + 32*j. Let c be h(0). What is the greatest common divisor of c and 19?
1
Let f be 1/(0/2 - 2/(-12)). Calculate the greatest common divisor of f and 834.
6
Suppose 1175 = 5*c - 5*v, 3*c + 5*v - 2*v - 681 = 0. Calculate the greatest common factor of 147 and c.
21
Suppose 4*b - 2*r = 54, -2*b + 26 = -b - 3*r. Let j be (-1)/4 - (2926/(-8))/b. Calculate the highest common factor of j and 231.
33
Let h = -244 - -285. Calculate the highest common factor of 369 and h.
41
Suppose 0 = 11*q - 239 - 223. Let f be (q + 6 - -4) + (3 - -1). Calculate the highest common factor of 84 and f.
28
Let w = 363 + -235. Let r = 12 - -4. Calculate the highest common factor of r and w.
16
Let f = 5 + 3. Suppose 4*b - 4*y = 156, 5*b - 7*b = -4*y - 76. Calculate the greatest common factor of f and b.
8
Let w be 10/(4*(-7)/(-84)). Calculate the greatest common divisor of w and 465.
15
Let u be 3 + 0 - 0/9. Suppose g + 6*b - 12 = u*b, g - 6 = -b. Suppose -i - 30 = -2*w + g*i, 2*w